i be j(3). Suppose i = -0*v + r*v. List the prime factors of v.
2, 7
Let x(c) be the second derivative of c**3/3 - 2*c**2 - 2*c. Suppose 6*g - 5*d = g + 45, 4*g - 4 = -4*d. What are the prime factors of x(g)?
2, 3
Suppose -4*h = -17 - 3. Let o be 2/(-1 - (-7)/h). Suppose -v - 2*k = -4*k - 12, 2*v + o*k = 24. List the prime factors of v.
2, 3
Let h(p) = -6*p - 7. Let k be h(-5). Let a = k + -16. List the prime factors of a.
7
Let a(h) = -h**2 - 7*h - 7. Let p be a(-5). Suppose 2*s + 0*x + 4*x = 60, -4*x + 84 = p*s. List the prime factors of s.
2, 3
Let w(m) = m - 1. Let p be w(3). Let x = -16 + 20. Suppose b - p*b = -x. List the prime factors of b.
2
Let n be 4/2*(-28)/8. Let j = 10 + n. Suppose -j*u + s = -29, -s = 4*s - 20. What are the prime factors of u?
11
Let p = -19 - -21. Let g(u) = -u**2 - 5*u + 8. Let b be g(-6). List the prime factors of 9 + b/(-2)*p.
7
Let x be (9/(-6))/(3/(-14)). Let r be (-36)/10 - 4/10. Let l = r + x. List the prime factors of l.
3
Suppose 18*s - 16*s = 0. Suppose 3*k - 5*a - 56 = s, -40 = -2*k + 2*a + 2*a. List the prime factors of k.
2, 3
Let j be (380/(-15))/(1/(-3)). Let n = -54 + j. What are the prime factors of n?
2, 11
Let q be (30/4)/(3/6). Suppose g - 3*x - q = -1, -g - 3*x = 4. List the prime factors of g.
5
Let r(k) = 9*k**2 - 1. Let d(o) = -o - 1. Let m(j) = -3*j - 4. Let q(y) = -4*d(y) + m(y). Let z be q(-1). List the prime factors of r(z).
2
Suppose -l - 2*l + 228 = 0. Suppose -3*x = -l + 7. What are the prime factors of x?
23
Let x be ((-2)/8)/((-7)/56). Suppose -x*r - 36 = 3*v - 7*v, -3*v + r + 29 = 0. List the prime factors of v.
11
Let f = 10 - 8. Suppose -f - 28 = -2*q. What are the prime factors of q?
3, 5
Suppose -5*n = -4*n + 8. Suppose 9 = 4*j - 111. Let f = n + j. List the prime factors of f.
2, 11
Let j be (1 + 27/(-12))*-4. Suppose -j*x = -g + 13, -5*g + 4*x + 14 = -9. What are the prime factors of g?
3
Let n(x) = 2*x**2 - x + 1. Let z be n(1). Suppose 0 = 3*g + z*u - 5*u - 36, -4*u = 3*g - 1. List the prime factors of g.
7
Let m(q) be the second derivative of -q**5/20 + 3*q**4/4 + q**3/6 + q**2 + 2*q. What are the prime factors of m(9)?
11
Let m = 10 - 4. Let n be (-3)/(-6) - (-21)/m. Suppose -14 = -2*k + n. What are the prime factors of k?
3
Let d(m) = m**2 - 2. Let y be d(3). Let n(g) = -g + 15. Let t be n(y). Suppose -a = -4 - t. List the prime factors of a.
2, 3
Suppose y + 3*v - v - 37 = 0, 5*y - 163 = v. List the prime factors of y.
3, 11
Suppose r - 100 = -4*r. Let s be (8/r)/((-2)/(-30)). Let d = s + 2. What are the prime factors of d?
2
Suppose 2*r + 18 = 328. What are the prime factors of r?
5, 31
Let g(x) = -5*x**3 - 3*x**2 - 4*x - 2. List the prime factors of g(-2).
2, 17
Let p = 326 - 220. What are the prime factors of p?
2, 53
Let l(m) = m - 17. Let k(x) = 2*x - 35. Let g(i) = 3*k(i) - 7*l(i). List the prime factors of g(9).
5
Let r be (-4)/(-8) - 2/4. Suppose r = v + 4*v - 25. Let q = 8 - v. What are the prime factors of q?
3
Let t = 105 + -49. What are the prime factors of t?
2, 7
Let n = -21 + 41. What are the prime factors of n?
2, 5
Suppose 2*r = -9 + 23. What are the prime factors of r?
7
Let a(b) = b**3 - 6*b**2 + 6*b + 1. List the prime factors of a(6).
37
Let t = -42 - -49. List the prime factors of t.
7
Suppose i = -2*i + 2*d + 56, 3*i + 5*d = 49. List the prime factors of i.
2, 3
Let h be 1 + (-6)/(-2)*1. Suppose h*d = -d + 35. What are the prime factors of d?
7
Let i(z) = -z**2 - 4*z - 7. Let l be i(-5). List the prime factors of 1 + 4 + (-9 - l).
2
Suppose -4*l + 7 = -13. Let m(p) = p**2 - p + 5. List the prime factors of m(l).
5
Let a(u) = -u**2 - 11*u + 2. Let r(k) = k**2 - 11*k + 13. Let i be r(9). What are the prime factors of a(i)?
2
Suppose 2*o + 5*d + 24 = 0, -4*o + 5*d - 12 = -3*o. What are the prime factors of 590/18 + o/(-54)?
3, 11
Let d(l) = 49*l**2 + l. List the prime factors of d(-1).
2, 3
Suppose -2 + 6 = 2*v + u, 5*u + 24 = v. Suppose a + v*a - 10 = 0. Let t = 7 + a. What are the prime factors of t?
3
Let i(g) = -g**2 + 8*g + 6. Let a be i(8). Let u(y) = -y**3 + 6*y**2 + 6*y - 9. List the prime factors of u(a).
3
Let j be 4/(-14) - 12/(-42). Suppose -4*v - 13 = -s + 1, j = 5*s - 4*v - 54. List the prime factors of s.
2, 5
Suppose 3*m - 2*m - 15 = 0. Suppose 0 = 3*z + 30 - 6. Let w = m + z. What are the prime factors of w?
7
What are the prime factors of 464/8 - 4*-1?
2, 31
Suppose 0 = 3*i - 12, 0*i - 2*i = 5*c - 158. Suppose -2*m + 0*m + 16 = 0. Let f = c - m. List the prime factors of f.
2, 11
Let b(m) = -12*m**3 - 3*m**2 - 3*m - 1. List the prime factors of b(-2).
89
Suppose 0 = 4*i - 24 - 20. Let w = i + -7. Suppose 3*x - 67 = -2*n, -19 = -x - n + w. List the prime factors of x.
3, 7
Suppose -3*a = -a + 4. Let s be ((-3)/a)/((-6)/(-16)). Suppose -s*t + 2 + 14 = 0. List the prime factors of t.
2
Let p be (0 + 7)*13 - 3. Suppose 0 = -4*k + f + 99, 3*k = -2*f - 0*f + p. What are the prime factors of k?
2, 13
Let i = 56 + -16. List the prime factors of i.
2, 5
Suppose -25 = -5*s + 5*o, 7 + 8 = 3*s + 5*o. Suppose -2 = -m - 4*l, -2*l - 137 = -s*m - 39. What are the prime factors of m?
2, 3
Suppose 21 = 5*w + 6. Let q(c) = -c**2 + 9*c + 3. Let u be q(9). Suppose -7*m + 20 = -w*m - 4*o, -3*m - o = -u. What are the prime factors of m?
2
Suppose 4*u - 10 = -2. Suppose -u*l - 3 = -103. List the prime factors of l.
2, 5
Suppose -5*f + 46 = 16. Let y be (f - 2) + (0 - -1). Suppose y*a - 15 = 0, 4*z - 2*a - 14 = -4*a. List the prime factors of z.
2
Let c = 6 + -4. Suppose -5 - 7 = 3*o. List the prime factors of 2 + o + c + 10.
2, 5
Suppose 5*w = -2*f + 75 + 113, 0 = 4*w + 16. Suppose -5*k = -91 - f. What are the prime factors of k?
3, 13
Let d be 6/8 + 81/(-12). List the prime factors of ((-15)/d)/(2/4).
5
Suppose 75 + 45 = -6*d. What are the prime factors of (-2)/5 + (-368)/d?
2, 3
Suppose -4*n + 2913 = -4*w + 829, 4*w + 5*n = -2057. What are the prime factors of w/(-18) - 2/(-9)?
29
Let z = -44 - -72. What are the prime factors of z?
2, 7
Let b be 0 + 0 - 1 - 4. Let g(c) = c**3 - 12*c + 8*c + 6*c**2 + 8*c. What are the prime factors of g(b)?
5
Let r(w) = w**2 - 6*w - 7. Let a be r(9). Let i = a - 7. What are the prime factors of i?
13
Let z = 2 - 4. Let f be z*(2 + -3)*1. Suppose -2*h + f = -h. What are the prime factors of h?
2
Let y be (-3)/5 + 43/5. Let d(j) = -j**3 + 9*j**2 - 7*j - 8. Let k be d(y). Suppose 2*l - 3*l + 5 = k. What are the prime factors of l?
5
Let u(n) = -n**3 - n**2 + n + 2. Let h be (32/(-12))/(2/(-3)). Suppose 3*p = z - 7, 2*p + h = -p - 2*z. What are the prime factors of u(p)?
2
Suppose -3*f + 5 = 2*y - 14, -3 = y - f. Let m be 1/(-3) + y/6. Let d(w) = -w**2 - w + 5. List the prime factors of d(m).
5
Suppose 0 = h - 1 - 1. Suppose 4 = -h*y + 4*y. Suppose -5*w - y*b = -63, 4*w + 2*b = 3*b + 40. List the prime factors of w.
11
Suppose 4*r = -6*a + 2*a + 456, 12 = 4*a. List the prime factors of r.
3, 37
Let m be 0 - 1 - (-1 + 0). Let u be (0 - m - -1) + 3. Suppose -2*s + 21 + 17 = -u*h, 2 = -h. List the prime factors of s.
3, 5
Let l(a) = -3*a**2 + 13*a + 3. Let c(m) = 4*m**2 - 14*m - 2. Let b(h) = -4*c(h) - 5*l(h). What are the prime factors of b(-6)?
11
Let g(f) = -f - 2. Let u be g(-6). Suppose i + u*i = 15. List the prime factors of i.
3
Suppose -17 + 7 = 2*o. Let l be ((-4)/(-5))/((-2)/o). Suppose 2*d - 4*r = 12 + 30, -d - l*r + 21 = 0. List the prime factors of d.
3, 7
Let v = -17 - -35. Suppose v*a - 200 = 13*a. What are the prime factors of a?
2, 5
Let b(p) = 7*p**2 + p - 1 + p**2 - 2*p**2 + 6*p**2. List the prime factors of b(1).
2, 3
Suppose -4*p + 30 = 2*x, 2*p - 4*x = 21 - 1. Suppose -3*k - 20 = -p*k. List the prime factors of k.
2
Let b(i) = i**3 - 5*i**2 - 7*i + 5. Let w be b(6). List the prime factors of 1 + w + 20 - 3.
17
Let a be 2/9 + 16/9. Suppose 2*x - 5*v = 18, 4*x = 3*x + a*v + 9. List the prime factors of x.
3
Let q(d) = -d**2 - 16*d - 5. What are the prime factors of q(-14)?
23
Suppose 2*k - 4 = 4. List the prime factors of 45/36*k*1.
5
Suppose 4*n - 4 = 44. Let h(a) = n - 12*a + 7 + 13*a. What are the prime factors of h(-8)?
11
Let d = 23 + 35. What are the prime factors of d?
2, 29
Suppose m + 2*q = 3*q + 54, -2*m + 3*q = -107. Suppose m - 5 = 2*c + z, 3*c + 2*z - 73 = 0. List the prime factors of c.
